(-5)/(20 + -5)). Suppose 30*i = 2*i + w. List the prime factors of i.
2, 7, 11
Let k(x) = x**3 - 5*x**2 + 4*x - 20. Let r be k(5). Suppose 9*z = 10*z - 2, r = 5*a - 5*z - 295. What are the prime factors of a?
61
Let n(l) = -5434*l - 5011. List the prime factors of n(-2).
5857
Suppose 53 = 3*k + 41. Suppose -k = -3*c - 1. What are the prime factors of (1/2)/(c/226)?
113
Let l(s) = 43*s**2 + 103*s + 834. What are the prime factors of l(-9)?
2, 3, 5, 113
Let f = 5062 + 3832. List the prime factors of f.
2, 4447
Let g(i) = 3*i**2 + 4*i. Let m be g(-2). Suppose m*k + 703 = 3339. Suppose -k = -2*u - 129. What are the prime factors of u?
5, 53
Let l(a) = -2*a**2 + 24*a - 18. Let t be l(11). Suppose 2*i - 1292 = -t*h, -5*h + 10*h - i - 1629 = 0. List the prime factors of h.
5, 13
Let b = -2834 + 2751. Let f(u) = -34*u**2 - 2*u + 2. Let z be f(2). Let x = b - z. What are the prime factors of x?
5, 11
Let t = 29 - 18. Let m be (-4)/(-22) - 24/t. Let c(u) = -5*u**3 - 3*u**2 - 3*u - 4. List the prime factors of c(m).
2, 3, 5
List the prime factors of -130 + 7221 + (14 - 1).
2, 3, 37
Let s = -1492 - -646. Let l = s - -1216. What are the prime factors of l?
2, 5, 37
Suppose 0 = 24*p + 108*p - 1070377 - 1232363. List the prime factors of p.
3, 5, 1163
Let f(z) = -10 + 1 + 10. Let m(i) = i - 6. Let d(c) = 5*f(c) - m(c). List the prime factors of d(-8).
19
Let y(i) = -108*i - 19. Let q be y(-3). Let n = q + -193. List the prime factors of n.
2, 7
Suppose 0 = -5*o - 10, 0 = -2*j + 3*o + o + 1048. Suppose x - 82 = -p + 30, 5*p - 3*x - j = 0. What are the prime factors of p?
107
Let g be 153855/105 + (-6)/21. Suppose 0*w = 5*w - g. List the prime factors of w.
293
Suppose b = -5, d - b - 2249 - 963 = 0. List the prime factors of d.
3, 1069
Suppose 3*h + 1895 = -5218. Let w = h - -3434. What are the prime factors of w?
1063
Let s(h) = h**3 - 6*h**2 - 13*h + 48. Let v be s(7). Suppose 1386 = 4*y - 2*o, 5*y + o = v*o + 1720. List the prime factors of y.
349
Let a(l) = l**3 + 4*l**2 - 7*l - 5. Let h be a(-5). Suppose 0 = h*o - 3*i - 7, 3 = 4*o - i - 4. Suppose -o*k - 20 = -180. What are the prime factors of k?
2, 5
Let u be (-6)/(-12) - -4 - (-6)/(-4). Suppose -5*h - 1835 = -k - 4*k, -5*h - 1091 = -u*k. What are the prime factors of k?
2, 3, 31
Let s(y) be the first derivative of y**3 + 6*y**2 - 82*y - 252. What are the prime factors of s(21)?
1493
Let z(w) = -w**3 - 6*w**2 + w + 1. Let b = 71 - 77. Let u be z(b). List the prime factors of (34/u)/(1 + 14/(-10)).
17
What are the prime factors of ((-216)/(-126))/((12/9058)/6)?
2, 3, 647
Suppose 10*q - 240 = -0*q. Suppose 0*j + q = 3*j. List the prime factors of 4/10*(j - 3) + 87.
89
List the prime factors of (-1541260)/(-105) + (-22)/11 + (-8)/(-6).
2, 41, 179
Let l = -22 - -24. Suppose -l*t = -10 + 20, 4*t = 5*a - 1605. What are the prime factors of a?
317
Let o(z) = -z**3 - 4*z**2 + 6*z + 15. Let j = -39 - -33. What are the prime factors of o(j)?
3, 17
Let r(m) = -7275*m**3 - 2*m**2 - 14*m - 12. What are the prime factors of r(-1)?
3, 5, 97
Let a = 37851 + -22775. What are the prime factors of a?
2, 3769
Let a be ((-21)/14)/(3/412). Let h be (100 - 0)*(5 + 1 - 7). Let l = h - a. What are the prime factors of l?
2, 53
Suppose 2*d + 43 = 15. Let w be (-9724)/d + (-16)/28 + 1. Suppose 0 = 4*x - 505 - w. List the prime factors of x.
2, 3, 5
Let q = 6009 - 3781. List the prime factors of q.
2, 557
Let a(f) = 29*f**2 - 12*f + 30. Let q(b) = 4*b**3 - 31*b**2 - 6*b - 11. Let u be q(8). What are the prime factors of a(u)?
5, 139
Let r = 195 + -425. Suppose -15*p = -0*p - 6015. Let h = p + r. What are the prime factors of h?
3, 19
Let v be (20/6)/(6/9). Let w be (4 - (-1 - 0))*(v + -3). Suppose 0*n - w*n + 1960 = 0. What are the prime factors of n?
2, 7
What are the prime factors of 375/(-125) - (3862*-1 - 1)?
2, 5, 193
Let d(w) = 12*w**2 + 7*w - 134. Let j(z) = 3*z**2 + 2*z - 33. Let y(k) = -6*d(k) + 26*j(k). What are the prime factors of y(-9)?
2, 3, 19
Suppose -4*t - 62 = -o, 7*t = 8*t + o + 13. What are the prime factors of 0 + t/(-12) + 40070/40?
17, 59
Suppose -25*w + 11*w + 83538 = 0. What are the prime factors of w?
3, 13, 17
Let z = 42 - 37. Suppose -2*h + 3*h - z = 0, 29 = 3*s + 4*h. Suppose s*l + 41 - 302 = 0. What are the prime factors of l?
3, 29
Suppose -5*z + 2*l + 8846 = 0, 4*z + 3515 - 10603 = -4*l. Suppose -13*d + 7*d + z = 0. List the prime factors of d.
5, 59
Let c = 59005 + 29277. What are the prime factors of c?
2, 37, 1193
Let g = 36604 - 490. What are the prime factors of g?
2, 3, 13, 463
Suppose 40 = 5*p - 0*p. Let i be 0/(-2*4/p). Suppose i = 14*y - 2566 + 620. List the prime factors of y.
139
Suppose 2*k + 13220 = 2*a, a - 388 - 6222 = 3*k. What are the prime factors of a?
2, 5, 661
Let a(x) = -5*x**2 + x + 4. Let p be a(2). Let t = 18 + p. List the prime factors of t.
2
Let t(k) = 3624*k**2 - 239*k - 9. List the prime factors of t(3).
2, 3, 5, 1063
Suppose -7*l = -6*l + 316. Let q = -214 - l. What are the prime factors of q?
2, 3, 17
Let p = -249 + 250. List the prime factors of (-49 - -40)/((-2)/204*p).
2, 3, 17
Suppose 20 = 5*y + 5. Suppose 2*d - 64 = 4*x, y*x + 2*x - 5 = 0. What are the prime factors of d?
2, 17
Suppose 0*g - u = g, 3*u + 3 = -2*g. Suppose -116 = -g*z + 658. List the prime factors of z.
2, 3, 43
Suppose 5*w - 2160 = -3*w. Let s = w + -122. List the prime factors of s.
2, 37
Let y = -81 + -1110. Let b = 2671 + y. List the prime factors of b.
2, 5, 37
Let c(j) = j**3 + 44*j**2 - 1505*j + 31. What are the prime factors of c(-57)?
43579
Suppose 0*p - p - 182 = y, -5*p = -4*y + 883. Suppose n = j - 112, -3*n + 47*j - 352 = 48*j. Let f = n - p. List the prime factors of f.
3, 7
Let k be 2/6*9 - -6. Suppose 0 = -2*z + 13 - k. Suppose 0 = -z*u + 2*c + 138, 0*u - 2*u + 3*c + 133 = 0. List the prime factors of u.
2, 37
What are the prime factors of (184283/110)/(6/15) - (-6)/8?
59, 71
Let m(x) be the third derivative of x**6/120 - 13*x**5/20 - 5*x**4/12 + 43*x**3/6 + 158*x**2. List the prime factors of m(40).
11, 113
Suppose -4*t = 3*g + 17, -2*t + 6*g - 7*g = 7. List the prime factors of t + (-39886)/(-46) + 22/(-253).
5, 173
Let p(s) = s**3 + 60*s**2 + 26*s + 132. List the prime factors of p(-57).
3, 311
Suppose 2*s - 4*b = 20122, -41*s - 50333 = -46*s - 4*b. List the prime factors of s.
3, 5, 11, 61
Let y(w) = 4*w**3 + 6*w**2 + 2*w - 3. Let t be y(-6). Let b = t - -1013. List the prime factors of b.
2, 5, 7
Let x(a) = -5*a**2 + a + 2. Let q be x(4). Let m = -72 - q. List the prime factors of -3*1/m*-62.
3, 31
Let j(a) = -32*a - 6. Let g(t) = -1. Let l(b) = -g(b) + j(b). Let z be l(-3). Let u = z + -30. What are the prime factors of u?
61
List the prime factors of 37867 + 123 + -1 + 12 + 0.
3, 53, 239
Let n be -1 + -1 - -4 - -1. Suppose 4 = -2*c + 4*k + 26, -n*k - 27 = -5*c. Suppose -c*h = -274 + 82. What are the prime factors of h?
2
Let s(p) = 5*p**2 + 4*p - 1. Let d be 6*((-10)/4 + (-21)/(-7)). Let c = d - 2. What are the prime factors of s(c)?
2
Let j be (207/138)/((-1)/(-2)). Let l(h) = -77*h - 2. Let s be l(-6). Suppose -5*k + s = 5*m, 2*m - 373 = -2*m - j*k. What are the prime factors of m?
97
Let w = -1422 - -1811. List the prime factors of w.
389
Let r = -29214 + 83960. What are the prime factors of r?
2, 31, 883
Suppose 0 = 2*t + t - 18, 0 = -4*q - 3*t + 718. Let b = -6 + 11. Suppose -p + q + 454 = b*h, -2*h = 4*p - 248. List the prime factors of h.
2, 3, 7
Let u(t) = 3*t**3 - 51*t**2 - 34*t + 145. List the prime factors of u(20).
5, 613
Let x(t) = 2*t**2 - 10*t - 7. Let o be x(5). Let s(b) = -69*b - 23. What are the prime factors of s(o)?
2, 5, 23
Let v(o) = 29*o**2 + 68*o + 40. List the prime factors of v(-15).
5, 1109
Let p(t) = 11*t**3 - 12*t**2 - 12*t - 25. Let h be 0 - -9*6/(-27)*-3. Let k(v) = 2*v**3 - v - 1. Let m(y) = h*k(y) - p(y). What are the prime factors of m(-9)?
2, 13
Let u(o) = -2 + 6*o + 0*o**2 + 308*o**3 - 307*o**3 - 6*o**2. Let r be u(5). Suppose 14*y = r*y + 748. What are the prime factors of y?
2, 17
Suppose -37 = -5*k - 117. Let q be (k/(-12))/(((-7)/18)/(-7)). List the prime factors of 122/6 - 8/q.
2, 5
Let m = 15802 - 9463. What are the prime factors of m?
3, 2113
Suppose -184 = -17*y + 9*y. Suppose -y*o = -17*o. Suppose 0 = -6*p + 7*p - i - 37, 5*